14*p + 7510. Is p a prime number?
False
Suppose 22 = x - 4*t, 0 = -4*x + t + 4*t + 33. Let p(b) be the first derivative of 853*b**3/3 + b**2 - 7*b - 44. Is p(x) prime?
False
Suppose -d - 15 = -6*d, 4*h = 4*d + 188. Let v = 58 - h. Suppose -2*w + 346 = 4*y, 2*w + 3*y - v*y - 391 = 0. Is w composite?
True
Suppose 62*q = -5595932 + 15701374. Is q a prime number?
False
Let u(h) = 6489*h**2 + 17*h + 249. Is u(-8) prime?
True
Let k = 29 + -65. Let z = 37 + k. Is (-1183)/(-2) + (-6)/4 + z a composite number?
True
Let b be ((-55)/(-10))/((-2)/12). Let x = 36 + b. Suppose -3*i = -j + x*j - 419, 4*j + 2*i - 826 = 0. Is j composite?
True
Suppose 913*p = 918*p + 6*l - 3729127, l = -4*p + 2983275. Is p composite?
False
Is (-70934382)/(-162) - 6 - (-8)/18 a composite number?
False
Suppose -4*o - 4*c = -31000, -o + 14*c - 12*c + 7747 = 0. Suppose 5*p - 3 = -18, -3*q + o = -4*p. Is q prime?
True
Suppose -3*s + 32092 = -212762. Suppose 294*z = 288*z + s. Is z a composite number?
True
Let m = -373 + 177. Let d = m + 333. Suppose 2*l - 35 - d = 0. Is l a prime number?
False
Let b(f) = -f**2 + 20*f + 141883. Is b(0) a prime number?
False
Suppose 64*q = 67*q - 24. Suppose q*t = 4*t + 16, 4*s - 916 = 2*t. Suppose -8*v - s = -11*v. Is v a prime number?
False
Let i be (-5910)/(-14) - ((-100)/35 - -3). Is 1*4*i/8 composite?
False
Let n = -247 + 395. Suppose 11*h - 5945 = -n. Is h a composite number?
True
Is ((-9)/15 - -1) + 11612*3255/100 prime?
False
Suppose -26*p + 41*p - 558645 = 0. Is p a prime number?
True
Let a = -29921 - -30367. Is a a prime number?
False
Suppose -2*g + 9 + 3 = 0. Suppose 5*b = g*b - 12286. Is b a prime number?
False
Let j(a) be the second derivative of 89*a**4/6 + 3*a**3 + 57*a**2/2 - 76*a + 2. Is j(-5) a composite number?
True
Let x(q) = -q**2 + 7*q - 10. Let t be x(5). Suppose -3*a + t*a = -5*o + 697, 5*a = 2*o - 275. Let w = o - -329. Is w prime?
False
Let i = 145 - 142. Is 3*i/(-3)*(-224330)/30 prime?
True
Suppose i = 4*s - 567918, -3*s + 3*i = 2*s - 709901. Is s a prime number?
False
Is (20060/(-12) + 8 + -5)/(2/(-3)) composite?
False
Suppose 15*n - 82222 = -36667. Is n prime?
True
Let y(z) = -z**3 + 4*z**2. Let q be y(4). Let f(t) = -2*t**2 + 9*t + 191. Is f(q) prime?
True
Suppose i = d + 3995, -i + 1582 = 18*d - 2299. Is i a prime number?
True
Suppose -20 = 12*r - 7*r, -289093 = -3*g + 4*r. Is g a composite number?
True
Let n(a) = a**2 - 18*a + 130. Let l be n(18). Suppose p - 430 = 2*b, 5*b + 572 = p + l. Is p a composite number?
True
Let t(a) = -a**2 - 12*a + 68. Let q be t(-16). Suppose -g = -d - 1280 - 288, -6227 = -q*g - 5*d. Suppose 0 = 2*f - g - 739. Is f prime?
True
Let n(g) = -8818*g**3 + 85*g**2 + 250*g - 2. Is n(-3) prime?
True
Let w be (-2 + 17)*4/40*4. Let z(j) = j**3 - 7*j**2 + 7*j + 2. Let p be z(w). Suppose x - 5442 = -4*d, 0*x + p = -4*x. Is d prime?
True
Let h = 24 + -20. Suppose -4232 = -h*s + 8756. Is s prime?
False
Let w(t) = 3653*t**2 - 18*t - 1. Let m be w(-3). Suppose y + m = 5*k, -2*k - 360 + 13554 = 4*y. Is k a composite number?
True
Let l(v) = 7 + 1 + 25 - 3*v. Let d be l(10). Suppose 5*c - 7623 = 2*t, -d*c + 3113 = -3*t - 1468. Is c prime?
True
Let v(r) = -88870*r - 597. Is v(-1) prime?
False
Is ((-83 + -6)*1481)/(5/(0 - 5)) prime?
False
Suppose 2*y - 32593 = 42*w - 39*w, -5*w - 48888 = -3*y. Is y composite?
False
Let p(t) = 42*t + 9. Let w be p(-3). Suppose 920 + 230 = -5*q. Is w/6*q/15 composite?
True
Suppose 3*u - 10 = u - 5*y, -8 = -3*u - 4*y. Suppose u = 4*q - 2*q - 10. Suppose -q*i + 3982 = 4*w, i - 3*w = -2*i + 2373. Is i composite?
True
Is 106019*(2/(-1))/(54/(-27)) a prime number?
True
Suppose -4*v = -6*v + 5*i + 29415, -14680 = -v - 3*i. Is v a prime number?
False
Let x be 176/(-10) - 30/(-50). Let o(q) = -q**3 + 10*q**2 + 5*q - 7. Is o(x) composite?
True
Suppose 0 = 5*l - 15, -61596 = -2*f + 7*f + 3*l. Is f/(-6)*((-30)/(-18) + -1) a prime number?
False
Is (334/(-1002))/((-1)/13227) a prime number?
True
Let v = 584469 - 274766. Suppose 0 = 4*m - 4*w - 235103 - 12657, -5*m = -4*w - v. Is m composite?
True
Suppose 0 = -k - 3 - 2. Let x(b) = -2*b**2 + 10*b - 3. Let s(u) = -u + 1. Let n(g) = -3*s(g) - x(g). Is n(k) a prime number?
False
Suppose -3*o + 98327 = 4*u, 24*o - 73782 = -3*u + 27*o. Is u a prime number?
False
Let c be (7136/10)/((-13)/65). Let v = 10601 + c. Is v prime?
False
Let y = -22136 + 58989. Is y a composite number?
True
Suppose -5*n + 5*l = -33280, 3*n + 3*l = 21506 - 1508. Let o = -1416 + n. Is o a prime number?
False
Let f = 393 - 388. Let r be (16*(-3)/(-6))/2. Suppose -f*d + 409 = -r*d. Is d a prime number?
True
Suppose 134783 = 81*m - 80*m - 4*s, 4*s = -2*m + 269626. Is m a prime number?
False
Let z(n) = -n - 6. Let w(c) = -2456*c - 145. Let a(k) = w(k) - 6*z(k). Is a(-3) composite?
True
Is 187838 - 3*143/(-39) composite?
True
Suppose -24*k - 502690 = -803384 - 704402. Is k a prime number?
True
Let k(q) = 358*q**2 - 15*q + 11. Let x be k(-7). Let f = x + -10051. Is f a prime number?
True
Let h = 1442 - 521. Is h composite?
True
Let z = -177813 + 418204. Is z composite?
True
Let m(s) = 2*s**2 + 23*s - 12. Let y be m(-12). Suppose -5*g = -4*n + 16, -3*g - 8 = -y*n - 2*n. Is (10/n)/((-15)/(-6690)) a composite number?
True
Let j(b) = -4*b + 1 + 4*b - 4*b**3 - b**2 + 2*b - 3*b. Let y be j(-1). Suppose -5644 = i - y*i - 2*d, -d = -4*i + 5632. Is i composite?
False
Let j(x) = 128145*x - 1402. Is j(17) prime?
False
Let t(s) = -s**3 - 11*s**2 - 12*s - 4. Let c be t(-8). Let x = 100 + c. Is ((-958 - x)/((-6)/(-15)))/(-1) a prime number?
False
Suppose -9*x + 955981 - 219178 = 0. Suppose -6*v + x + 16767 = 0. Is v a composite number?
True
Let r(p) = -6*p**3 - 12*p**2 - 3*p + 33. Suppose -2*x = 5*s - 3*x + 73, 0 = 3*s - x + 45. Is r(s) a composite number?
True
Suppose -h + v + 3*v = 0, h + 3*v = 0. Suppose h = -4*y + 12, 3 - 5 = 4*o - 2*y. Is (o*-1 + 3)*5015/34 prime?
False
Let h(r) = 6612*r**3 - 3*r**2 - 148*r + 605. Is h(4) a prime number?
True
Suppose -26*m + 76*m = 1344100. Is m a prime number?
False
Let a be ((-6)/(-5))/(-3 - 843/(-280)). Suppose -2*q - 140 = -4*m - m, -a = -4*m - q. Suppose m*g = 32*g - 132. Is g composite?
True
Let o(b) = b**3 - 9*b**2 + 8*b + 4. Let w be o(8). Let k = 1286 + -1283. Suppose 460 = w*g + 2*u, 0 = 5*g + u - k*u - 557. Is g a composite number?
False
Let b(s) = -29*s**3 - 84*s**2 - 91*s - 31. Is b(-19) composite?
True
Let h(d) = -2*d**3 - 1. Let n be h(-1). Suppose -2*c = 3*p - 1, -c - 4 + 11 = -5*p. Is n/(570/(-571) - p) prime?
True
Let z be (-216977)/183 - 1*4/(-6). Let h = 2258 + z. Is h composite?
True
Suppose -4*k - l + 2100 = 0, 2*k = -4*l + 9*l + 1072. Let y be 2/12 + 23/6. Suppose 0 = -n + 3*t + 238, -2*n = y*t - 0*t - k. Is n composite?
True
Suppose 4*f = 24 + 12. Let w be (33/4 + -2)/(f/(-36)). Is 1 - 443/(-3) - w/75 prime?
True
Suppose -17510 = -5*d - 5*m, -55*m + 57*m - 10501 = -3*d. Is d a prime number?
False
Suppose 7*z - 1585828 = -15*z - 46*z. Is z prime?
True
Let x = -267778 - -392205. Is x composite?
False
Let j(k) = 5*k**3 - 7*k**2 - 55*k + 386. Is j(7) composite?
False
Suppose 3*z = -4*p - 14, -4*z + 4 = -p - 9. Suppose -r + 7588 = 4*h, -r = -3*r + z*h + 15136. Is r/3 + (-3 - 0) composite?
False
Suppose -2*z + 3261191 = 3*m, -m - 553*z + 558*z = -1087041. Is m a composite number?
False
Let i be (-69)/(-92)*-4*1. Is 1558 - (-6*i/2 + -4) prime?
True
Let n(b) be the third derivative of 2*b**5/15 - b**4/12 - 29*b**3/6 + b**2. Suppose 3*o = y - 21, -35 = 5*o - y + 4*y. Is n(o) a prime number?
False
Let u = 10036 - -83262. Is u a composite number?
True
Suppose 68*y - 4092552 = -138*y - 10*y. Is y composite?
False
Let n(t) = -106*t + 245. Let d be n(-17). Let v(m) = -4*m**3 + 2*m**2 + 7*m - 9. Let j be v(-7). Let c = d - j. Is c prime?
False
Let u be -8 - -8 - (-2 + -10). Suppose u*r = -11*r + 126247. Is r composite?
True
Suppose 27*r - 109186 = 13*r. Let t = 12352 - r. Is t a prime number?
False
Suppose 46 = -9*r + 32*r. Suppose 5*d - 1 = -0*i - 2*i, -4*i + 2*d = -14. Suppose -r*m - i*h + 313 = -1426, -4*h = 4*m - 3472. Is m composite?
True
Suppose 955188 = 7*c + 6*c. Suppose -12*k = -c - 121584. Is k a composite number?
True
Let s(g) = 7*g**2 - 15*g - 10. Suppose -88 + 31 = -3*f. Let q be s(f). Suppose -3*y + q = 3*m, 2 = m + 1. Is y comp